{"id":297,"date":"2015-05-28T13:05:13","date_gmt":"2015-05-28T13:05:13","guid":{"rendered":"http:\/\/quanticalabs.com\/wptest\/carservice\/?page_id=297"},"modified":"2020-03-05T10:39:53","modified_gmt":"2020-03-05T09:39:53","slug":"kontakt","status":"publish","type":"page","link":"https:\/\/www.autodopravapazdera.cz\/?page_id=297","title":{"rendered":"KONTAKT"},"content":{"rendered":"<p>[vc_row type=&#8221;full-width&#8221;][vc_column]<div id='map' style='width:100%;height:px;'><\/div>\r\n\t<script type='text\/javascript'>\r\n\tvar map_map = null;\r\n\tvar coordinate_map;\r\n\ttry\r\n    {\r\n        coordinate_map=new google.maps.LatLng( 49.593623, 17.350523);\r\n        var mapOptions= \r\n        {\r\n            zoom:16,\r\n            center:coordinate_map,\r\n            mapTypeId:google.maps.MapTypeId.ROADMAP,\r\n\t\t\tstreetViewControl:false,\r\n\t\t\tmapTypeControl:false,\r\n\t\t\tscrollwheel: false,\r\n\t\t\tdraggable: false,\r\n\t\t\tstyles: [ { 'featureType': 'water', 'elementType': 'geometry', 'stylers': [ { 'color': '#8ccaf1' } ] },{ 'featureType': 'poi', 'stylers': [ { 'visibility': 'off' } ] },{ 'featureType': 'transit', 'stylers': [ { 'visibility': 'off' } ] },{ 'featureType': 'water', 'elementType': 'labels', 'stylers': [ { 'color': '#ffffff' }, { 'visibility': 'simplified' } ] } ]\r\n        };\r\n        var map_map = new google.maps.Map(document.getElementById('map'),mapOptions);\r\n\t\tvar marker_map = new google.maps.Marker({\r\n\t\t\tposition: new google.maps.LatLng( 49.593623, 17.350523),\r\n\t\t\tmap: map_map, icon: new google.maps.MarkerImage('https:\/\/www.autodopravapazdera.cz\/wp-content\/themes\/carservice\/images\/map_pointer.png', new google.maps.Size(38, 48), null, new google.maps.Point(18, 48))\r\n\t\t});\r\n    }\r\n    catch(e) {};\r\n\tjQuery(document).ready(function($){\r\n\t\t$(window).resize(function(){\r\n\t\t\tif(map_map!=null)\r\n\t\t\t\tmap_map.setCenter(coordinate_map);\r\n\t\t});\r\n\t});\r\n\t<\/script>[\/vc_column][\/vc_row][vc_row top_margin=&#8221;page-margin-top&#8221;][vc_column width=&#8221;1\/3&#8243;]<div class=\"feature-item\"><h5>ADRESA<\/h5><div class=\"icon sl-small-location-map\"><\/div><p><strong>Pazdera, s.r.o.<\/strong><br \/>\nTov\u00e1rn\u00ed 977<br \/>\nVelk\u00e1 Byst\u0159ice<br \/>\n78353<\/p><\/div>[\/vc_column][vc_column width=&#8221;1\/3&#8243;]<div class=\"feature-item\"><h5>KONTAKTN\u00cd \u00daDAJE<\/h5><div class=\"icon sl-small-phone-circle\"><\/div><p><strong>Mobil:<\/strong><br \/>\n(+420) 777 044 216<\/p>\n<p><strong>E-mail:<\/strong><br \/>\njpazdera@volny.cz<\/p><\/div>[\/vc_column][vc_column width=&#8221;1\/3&#8243;]<div class=\"feature-item\"><h5>IDENTIFIKACE FIRMY<\/h5><div class=\"icon sl-small-car-checklist\"><\/div><p><strong>I\u010cO:<\/strong><br \/>\n27815609<\/p>\n<p><strong>DI\u010c:<\/strong><br \/>\nCZ27815609<\/p><\/div>[\/vc_column][\/vc_row][vc_row top_margin=&#8221;page-margin-top&#8221; el_class=&#8221;padding-bottom-66&#8243;][vc_column][vc_column_text css_animation=&#8221;fadeIn&#8221;]Chcete n\u00e1s kontaktovat? Sta\u010d\u00ed vyplnite tento jednoduch\u00fd formul\u00e1\u0159 a my se V\u00e1m ozveme v co nejbli\u017e\u0161\u00edm mo\u017en\u00e9m term\u00ednu.<\/p>\n<p style=\"text-align: center;\"><div role=\"form\" class=\"wpcf7\" id=\"wpcf7-f1385-o1\" lang=\"cs-CZ\" dir=\"ltr\">\n<div class=\"screen-reader-response\"><p role=\"status\" aria-live=\"polite\" aria-atomic=\"true\"><\/p> <ul><\/ul><\/div>\n<form action=\"\/index.php?rest_route=%2Fwp%2Fv2%2Fpages%2F297#wpcf7-f1385-o1\" method=\"post\" class=\"wpcf7-form init\" novalidate=\"novalidate\" data-status=\"init\">\n<div style=\"display: none;\">\n<input type=\"hidden\" name=\"_wpcf7\" value=\"1385\" \/>\n<input type=\"hidden\" name=\"_wpcf7_version\" value=\"5.3\" \/>\n<input type=\"hidden\" name=\"_wpcf7_locale\" value=\"cs_CZ\" \/>\n<input type=\"hidden\" name=\"_wpcf7_unit_tag\" value=\"wpcf7-f1385-o1\" \/>\n<input type=\"hidden\" name=\"_wpcf7_container_post\" value=\"0\" \/>\n<input type=\"hidden\" name=\"_wpcf7_posted_data_hash\" value=\"\" \/>\n<input type=\"hidden\" name=\"_wpcf7_recaptcha_response\" value=\"\" \/>\n<\/div>\n<p><label> Jm\u00e9no (povinn\u00e9)<br \/>\n    <span class=\"wpcf7-form-control-wrap your-name\"><input type=\"text\" name=\"your-name\" value=\"\" size=\"40\" class=\"wpcf7-form-control wpcf7-text wpcf7-validates-as-required\" aria-required=\"true\" aria-invalid=\"false\" \/><\/span> <\/label><\/p>\n<p><label> E-mail (povinn\u00e9)<br \/>\n    <span class=\"wpcf7-form-control-wrap your-email\"><input type=\"email\" name=\"your-email\" value=\"\" size=\"40\" class=\"wpcf7-form-control wpcf7-text wpcf7-email wpcf7-validates-as-required wpcf7-validates-as-email\" aria-required=\"true\" aria-invalid=\"false\" \/><\/span> <\/label><\/p>\n<p><label> P\u0159edm\u011bt<br \/>\n    <span class=\"wpcf7-form-control-wrap your-subject\"><input type=\"text\" name=\"your-subject\" value=\"\" size=\"40\" class=\"wpcf7-form-control wpcf7-text\" aria-invalid=\"false\" \/><\/span> <\/label><\/p>\n<p><label> Obsah zpr\u00e1vy<br \/>\n    <span class=\"wpcf7-form-control-wrap your-message\"><textarea name=\"your-message\" cols=\"40\" rows=\"10\" class=\"wpcf7-form-control wpcf7-textarea\" aria-invalid=\"false\"><\/textarea><\/span> <\/label><\/p>\n<p><span class=\"wpcf7-form-control-wrap checkbox-966\"><span class=\"wpcf7-form-control wpcf7-checkbox wpcf7-validates-as-required\"><span class=\"wpcf7-list-item first last\"><input type=\"checkbox\" name=\"checkbox-966[]\" value=\"Souhlas\u00edm se zpracov\u00e1n\u00edm m\u00fdch osobn\u00edch \u00fadaj\u016f\" \/><span class=\"wpcf7-list-item-label\">Souhlas\u00edm se zpracov\u00e1n\u00edm m\u00fdch osobn\u00edch \u00fadaj\u016f<\/span><\/span><\/span><\/span>  &nbsp;&nbsp;&nbsp;&nbsp;&nbsp;&nbsp;&nbsp;&nbsp;          <a href=\"https:\/\/www.autodopravapazdera.cz\/?page_id=1386\"> (v\u00edce informac\u00ed o podm\u00ednk\u00e1ch GDPR k dispozici ZDE)<\/a><\/p>\n<p><input type=\"submit\" value=\"Odeslat\" class=\"wpcf7-form-control wpcf7-submit\" \/><\/p>\n<div class=\"wpcf7-response-output\" aria-hidden=\"true\"><\/div><\/form><\/div>\n<p>[\/vc_column_text][\/vc_column][\/vc_row]<\/p>\n","protected":false},"excerpt":{"rendered":"<p>[vc_row type=&#8221;full-width&#8221;][vc_column][\/vc_column][\/vc_row][vc_row top_margin=&#8221;page-margin-top&#8221;][vc_column width=&#8221;1\/3&#8243;][\/vc_column][vc_column width=&#8221;1\/3&#8243;][\/vc_column][vc_column width=&#8221;1\/3&#8243;][\/vc_column][\/vc_row][vc_row top_margin=&#8221;page-margin-top&#8221; el_class=&#8221;padding-bottom-66&#8243;][vc_column][vc_column_text css_animation=&#8221;fadeIn&#8221;]Chcete n\u00e1s kontaktovat? Sta\u010d\u00ed vyplnite tento jednoduch\u00fd formul\u00e1\u0159 a my se V\u00e1m ozveme v co nejbli\u017e\u0161\u00edm mo\u017en\u00e9m term\u00ednu. [\/vc_column_text][\/vc_column][\/vc_row]<\/p>\n","protected":false},"author":1,"featured_media":0,"parent":0,"menu_order":0,"comment_status":"open","ping_status":"open","template":"template-default-without-breadcrumbs.php","meta":[],"_links":{"self":[{"href":"https:\/\/www.autodopravapazdera.cz\/index.php?rest_route=\/wp\/v2\/pages\/297"}],"collection":[{"href":"https:\/\/www.autodopravapazdera.cz\/index.php?rest_route=\/wp\/v2\/pages"}],"about":[{"href":"https:\/\/www.autodopravapazdera.cz\/index.php?rest_route=\/wp\/v2\/types\/page"}],"author":[{"embeddable":true,"href":"https:\/\/www.autodopravapazdera.cz\/index.php?rest_route=\/wp\/v2\/users\/1"}],"replies":[{"embeddable":true,"href":"https:\/\/www.autodopravapazdera.cz\/index.php?rest_route=%2Fwp%2Fv2%2Fcomments&post=297"}],"version-history":[{"count":13,"href":"https:\/\/www.autodopravapazdera.cz\/index.php?rest_route=\/wp\/v2\/pages\/297\/revisions"}],"predecessor-version":[{"id":1421,"href":"https:\/\/www.autodopravapazdera.cz\/index.php?rest_route=\/wp\/v2\/pages\/297\/revisions\/1421"}],"wp:attachment":[{"href":"https:\/\/www.autodopravapazdera.cz\/index.php?rest_route=%2Fwp%2Fv2%2Fmedia&parent=297"}],"curies":[{"name":"wp","href":"https:\/\/api.w.org\/{rel}","templated":true}]}}