{"id":203,"date":"2015-05-25T12:55:10","date_gmt":"2015-05-25T12:55:10","guid":{"rendered":"http:\/\/quanticalabs.com\/wptest\/carservice\/?page_id=203"},"modified":"2018-06-12T08:44:28","modified_gmt":"2018-06-12T06:44:28","slug":"about","status":"publish","type":"page","link":"https:\/\/www.autodopravapazdera.cz\/?page_id=203","title":{"rendered":"Informace o n\u00e1s"},"content":{"rendered":"<p>[vc_row el_class=&#8221;margin-top-70&#8243;][vc_column width=&#8221;1\/2&#8243;][vc_column_text css_animation=&#8221;fadeIn&#8221;]Na\u0161e firma nab\u00edz\u00ed ve\u0161ker\u00e9 zemn\u00ed pr\u00e1ce ji\u017e 20 let. Zam\u011b\u0159uje se na slu\u017eby, jak pro drobn\u00e9 z\u00e1kazn\u00edky, tak pro v\u011bt\u0161\u00ed firmy. S\u00eddlem na\u0161\u00ed spole\u010dnosti je m\u011bsto Velk\u00e1 Byst\u0159ice &#8211; Na Letn\u00e9 797, ale podle zak\u00e1zky p\u016fsob\u00edme v cel\u00e9m Moravsk\u00e9m kraji v cel\u00e9 \u010cesk\u00e9 republice.<\/p>\n<p>Jsme kompletn\u011b vybaven\u00e1 firma, kter\u00e1 se \u00fazce specializuje na \u010dinnost spojenou se zakl\u00e1d\u00e1n\u00edm staveb, s demolicemi a ter\u00e9nn\u00edmi \u00fapravami v\u0161ech druh\u016f. D\u00edky tomu m\u016f\u017eeme v\u011bt\u0161\u00edm firm\u00e1m nab\u00eddnout \u0161pi\u010dkov\u00e9 slu\u017eby, jak\u00e9 mohou b\u00fdt v r\u00e1mci jejich \u0161ir\u0161\u00ed nab\u00eddky slu\u017eeb nepostradaln\u00e9. Na\u0161e pr\u00e1ce je rozd\u011blena do pomysln\u00fdch t\u0159\u00ed m\u00edln\u00edk\u016f a to na zemn\u00ed pr\u00e1ce a \u00fapravu ter\u00e9n\u016f, d\u00e1le na autodopravu sypk\u00fdch materi\u00e1l\u016f (hl\u00edna, kamen\u00ed, \u0161t\u011brk, p\u00edsek atd.) a t\u0159et\u00edm m\u00edln\u00edkem je prodej \u0161t\u011brk\u016f a ulo\u017een\u00ed zemin.<\/p>\n<p>K dispozici m\u00e1me \u0161irokou \u0161k\u00e1lu skl\u00e1p\u011bc\u00edch voz\u016f, od dvoun\u00e1pravov\u00fdch po \u010dty\u0159n\u00e1pravov\u00e9. (Tatra, Man, Iveco, Daf, Avia).<\/p>\n<p>D\u00e1le m\u00e1me k dispozici zemn\u00ed stroje &#8211; p\u00e1sov\u00fd bagr, traktorbagry a kolov\u00e9 bagry. (New Holland, Wacker Neuson, O&amp;K). V\u00edce informac\u00ed o n\u00e1kladn\u00edch vozech a zemn\u00edch stroj\u00edch naleznete v sekci Strojov\u00fd park.<\/p>\n<p>Jak u\u017e bylo \u0159e\u010deno v\u00fd\u0161e, tak jsme firma p\u016fsob\u00edc\u00ed na trhu ji\u017e v\u00edce jak 20 let a po celou dobu podnik\u00e1n\u00ed se sna\u017e\u00edme nab\u00eddnout nejlep\u0161\u00ed mo\u017en\u00e9 slu\u017eby<br \/>\ns pozitivn\u00edm p\u0159\u00edstupem a dobrou komunikac\u00ed. Term\u00edny dod\u00e1n\u00ed se sna\u017e\u00edme stihnout v zadan\u00fdch term\u00ednech a je to pro n\u00e1s jedna z nejd\u016fle\u017eit\u011bj\u0161\u00edch priorit ve firm\u011b.[\/vc_column_text][\/vc_column][vc_column width=&#8221;1\/2&#8243;][vc_single_image image=&#8221;1269&#8243; img_size=&#8221;gallery-thumb&#8221; onclick=&#8221;img_link_large&#8221; el_class=&#8221;cs-lightbox&#8221;][vc_row_inner el_class=&#8221;margin-top-30&#8243;][vc_column_inner width=&#8221;1\/2&#8243;][vc_single_image image=&#8221;1258&#8243; img_size=&#8221;medium-thumb&#8221; onclick=&#8221;img_link_large&#8221; el_class=&#8221;cs-lightbox&#8221;][\/vc_column_inner][vc_column_inner width=&#8221;1\/2&#8243;][vc_single_image image=&#8221;1246&#8243; img_size=&#8221;medium-thumb&#8221; onclick=&#8221;img_link_large&#8221; el_class=&#8221;cs-lightbox&#8221;][\/vc_column_inner][\/vc_row_inner][\/vc_column][\/vc_row][vc_row css=&#8221;.vc_custom_1514460081106{margin-bottom: 20px !important;padding-bottom: 20px !important;}&#8221;][vc_column][vc_column_text css_animation=&#8221;none&#8221;]V p\u0159\u00edpad\u011b jak\u00fdkoliv dotaz\u016f m\u011b m\u016f\u017eete kontaktovat na telefonn\u00edm \u010d\u00edsle +420 777 044 216 a nebo m\u016f\u017eete napsat na e-mailovou adresu: jpazdera@volny.cz. Na e-maily se budu sna\u017eit odpov\u00eddat v co nejbli\u017e\u0161\u00edm mo\u017en\u00e9m term\u00ednu.[\/vc_column_text][\/vc_column][\/vc_row]<\/p>\n","protected":false},"excerpt":{"rendered":"<p>[vc_row el_class=&#8221;margin-top-70&#8243;][vc_column width=&#8221;1\/2&#8243;][vc_column_text css_animation=&#8221;fadeIn&#8221;]Na\u0161e firma nab\u00edz\u00ed ve\u0161ker\u00e9 zemn\u00ed pr\u00e1ce ji\u017e 20 let. Zam\u011b\u0159uje se na slu\u017eby, jak pro drobn\u00e9 z\u00e1kazn\u00edky, tak pro v\u011bt\u0161\u00ed firmy. S\u00eddlem na\u0161\u00ed spole\u010dnosti je m\u011bsto Velk\u00e1 Byst\u0159ice &#8211; Na Letn\u00e9 797, ale podle zak\u00e1zky p\u016fsob\u00edme v cel\u00e9m Moravsk\u00e9m kraji v cel\u00e9 \u010cesk\u00e9 republice. Jsme kompletn\u011b vybaven\u00e1 firma, kter\u00e1 se \u00fazce specializuje<\/p>\n","protected":false},"author":1,"featured_media":0,"parent":0,"menu_order":0,"comment_status":"closed","ping_status":"open","template":"","meta":[],"_links":{"self":[{"href":"https:\/\/www.autodopravapazdera.cz\/index.php?rest_route=\/wp\/v2\/pages\/203"}],"collection":[{"href":"https:\/\/www.autodopravapazdera.cz\/index.php?rest_route=\/wp\/v2\/pages"}],"about":[{"href":"https:\/\/www.autodopravapazdera.cz\/index.php?rest_route=\/wp\/v2\/types\/page"}],"author":[{"embeddable":true,"href":"https:\/\/www.autodopravapazdera.cz\/index.php?rest_route=\/wp\/v2\/users\/1"}],"replies":[{"embeddable":true,"href":"https:\/\/www.autodopravapazdera.cz\/index.php?rest_route=%2Fwp%2Fv2%2Fcomments&post=203"}],"version-history":[{"count":9,"href":"https:\/\/www.autodopravapazdera.cz\/index.php?rest_route=\/wp\/v2\/pages\/203\/revisions"}],"predecessor-version":[{"id":1397,"href":"https:\/\/www.autodopravapazdera.cz\/index.php?rest_route=\/wp\/v2\/pages\/203\/revisions\/1397"}],"wp:attachment":[{"href":"https:\/\/www.autodopravapazdera.cz\/index.php?rest_route=%2Fwp%2Fv2%2Fmedia&parent=203"}],"curies":[{"name":"wp","href":"https:\/\/api.w.org\/{rel}","templated":true}]}}